 of 102289975.
5, 4091599
List the prime factors of 4690704192.
2, 3, 17, 19, 43, 1759
List the prime factors of 614520283.
13, 61, 774931
What are the prime factors of 278113987?
1327, 209581
List the prime factors of 2066834969.
41, 97, 709, 733
What are the prime factors of 1967001896?
2, 41, 2083, 2879
List the prime factors of 2032961253.
3, 677653751
List the prime factors of 598215778.
2, 37, 8083997
List the prime factors of 83956602.
2, 3, 41, 341287
What are the prime factors of 97737445?
5, 13, 1503653
What are the prime factors of 393678467?
7, 13, 4326137
What are the prime factors of 386222510?
2, 5, 521, 74131
List the prime factors of 23687991.
3, 877333
What are the prime factors of 9764885?
5, 13, 17, 8837
What are the prime factors of 106823726?
2, 53, 1007771
What are the prime factors of 147177105?
3, 5, 941, 10427
List the prime factors of 206785965.
3, 5, 31, 444701
List the prime factors of 35845687.
35845687
List the prime factors of 505945139.
7, 10325411
List the prime factors of 436552035.
3, 5, 29103469
What are the prime factors of 15219223?
1289, 11807
What are the prime factors of 54560405?
5, 1931, 5651
What are the prime factors of 42556001?
42556001
List the prime factors of 33475218.
2, 3, 7, 797029
What are the prime factors of 285984606?
2, 3, 157, 303593
What are the prime factors of 1434873971?
14369, 99859
What are the prime factors of 44307932?
2, 11076983
List the prime factors of 153009336.
2, 3, 29, 191, 1151
What are the prime factors of 1354266937?
17, 2081, 38281
What are the prime factors of 40332628?
2, 7, 263, 5477
What are the prime factors of 1089635486?
2, 544817743
List the prime factors of 48965642.
2, 11, 691, 3221
What are the prime factors of 2369639778?
2, 3, 11, 35903633
What are the prime factors of 1613614091?
109, 14803799
What are the prime factors of 2216688263?
31, 199, 359327
List the prime factors of 2825872843.
1109, 2548127
What are the prime factors of 2960398494?
2, 3, 23, 47, 353, 431
List the prime factors of 273866698.
2, 7, 61, 320687
What are the prime factors of 2595506724?
2, 3, 439, 164231
List the prime factors of 292223771.
7, 263, 158731
List the prime factors of 742018392.
2, 3, 10305811
List the prime factors of 86656014.
2, 3, 59, 461
What are the prime factors of 60961231?
947, 64373
List the prime factors of 3543477235.
5, 37, 2137, 8963
List the prime factors of 4001244644.
2, 17, 181, 325093
List the prime factors of 578432338.
2, 11, 26292379
What are the prime factors of 539463237?
3, 179821079
What are the prime factors of 56301203?
7, 8043029
List the prime factors of 255945422.
2, 59, 2169029
What are the prime factors of 1667843953?
113, 1109, 13309
What are the prime factors of 2537013361?
19, 179, 277, 2693
What are the prime factors of 230935213?
31, 7449523
What are the prime factors of 335804358?
2, 3, 179, 191, 1637
What are the prime factors of 431673760?
2, 5, 7, 31, 12433
What are the prime factors of 3464571829?
24631, 140659
What are the prime factors of 1135492039?
11, 6547, 15767
What are the prime factors of 3857103765?
3, 5, 3174571
List the prime factors of 306973486.
2, 153486743
What are the prime factors of 678762509?
678762509
List the prime factors of 162915844.
2, 7, 13, 447571
What are the prime factors of 1493636912?
2, 93352307
What are the prime factors of 2093311266?
2, 3, 167, 587, 3559
What are the prime factors of 64282764?
2, 3, 7, 13, 37, 43
List the prime factors of 1482669879.
3, 494223293
What are the prime factors of 509028380?
2, 5, 7, 89, 40853
List the prime factors of 3706019934.
2, 3, 617669989
What are the prime factors of 44249817?
3, 37, 101, 3947
What are the prime factors of 38105362?
2, 29, 656989
What are the prime factors of 337015992?
2, 3, 101, 139033
List the prime factors of 1308383663.
373, 3507731
What are the prime factors of 5795017075?
5, 29, 7993127
What are the prime factors of 230437568?
2, 3600587
What are the prime factors of 1182333717?
3, 239, 549667
What are the prime factors of 218395567?
13, 16799659
List the prime factors of 718974943.
197, 1559, 2341
What are the prime factors of 165974776?
2, 11, 127, 14851
List the prime factors of 28551074.
2, 79, 137, 1319
What are the prime factors of 228817674?
2, 3, 137, 92789
What are the prime factors of 42035397?
3, 14011799
What are the prime factors of 593249795?
5, 251, 472709
List the prime factors of 377298761.
7, 53899823
List the prime factors of 830281589.
19, 2299949
What are the prime factors of 1764803842?
2, 882401921
List the prime factors of 43082444.
2, 2129, 5059
List the prime factors of 16794179.
101, 257, 647
List the prime factors of 297169341.
3, 7, 1999, 7079
What are the prime factors of 3478095150?
2, 3, 5, 811, 28591
What are the prime factors of 119150109?
3, 13, 113153
List the prime factors of 5067191.
1163, 4357
What are the prime factors of 48322099?
7, 139, 49663
List the prime factors of 1397442469.
1397442469
What are the prime factors of 3856654818?
2, 3, 37, 1069, 5417
List the prime factors of 1520302316.
2, 13, 17, 1719799
What are the prime factors of 165368021?
7, 13, 139787
What are the prime factors of 364891703?
11, 33171973
What are the prime factors of 12887084?
2, 7, 23, 20011
What are the prime factors of 4268617721?
53, 1103, 73019
What are the prime factors of 3560748538?
2, 1780374269
What are the prime factors of 92947682?
2, 43, 1080787
List the prime factors of 4183787438.
2, 47, 101, 440677
What are the prime factors of 112248008?
2, 17, 825353
List the prime factors of 60472674.
2, 3, 163, 20611
List the prime factors of 3213824013.
3, 1583, 75193
List the prime factors of 3263712.
2, 3, 33997
What are the prime factors of 1021889610?
2, 3, 5, 7, 4729
List the prime factors of 64132314.
2, 3, 10688719
List the prime factors of 186405614.
2, 93202807
List the prime factors of 1154483679.
3, 31, 12413803
List the prime factors of 34750858.
2, 17375429
What are the prime factors of 1739075965?
5, 11, 1297, 24379
What are the prime factors of 85805733?
3, 13, 73, 30139
What are the prime factors of 109573369?
109573369
List the prime factors of 514487559.
3, 571, 300343
List the prime factors of 636658381.
17, 47, 796819
What are the prime factors of 18060976?
2, 1128811
List the prime factors of 50788186.
2, 23, 449, 2459
List the prime factors of 618409732.
2, 67, 2307499
List the prime factors of 3311929464.
2, 3, 3499, 39439
What are the prime factors of 1138358821?
24697, 46093
What are the prime factors of 414319850?
2, 5, 7, 1183771
What are the prime factors of 202150438?
2, 7, 14439317
What are the prime factors of 61079184?
2, 3, 47129
List the prime factors of 40506537.
3, 19, 710641
List the prime factors of 13542653.
23, 588811
List the prime factors of 15552472.
2, 13, 149543
What are the prime factors of 227895121?
227895121
List the prime factors of 451766071.
451766071
What are the prime factors of 48062889?
3, 7, 29, 37, 79
What are the prime factors of 3279269176?
2, 193, 2123879
List the prime factors of 2939255960.
2, 5, 223, 433, 761
What are the prime factors of 890135287?
337, 2641351
What are the prime factors of 3727307413?
31, 120235723
List the prime factors of 69722498.
2, 34861249
List the prime factors of 536603255.
5, 107320651
What are the prime factors of 40006496?
2, 1250203
What are the prime factors of 72972364?
2, 17, 691, 1553
List the prime factors of 2875403.
19, 151337
List the prime factors of 1020449450.
2, 5, 20408989
List the prime factors of 74970103.
13, 37, 155863
List the prime factors of 62825788.
2, 23, 383, 1783
What are the prime factors of 22485409?
53, 571, 743
What are the prime factors of 1492922042?
2, 23, 32454827
List the prime factors of 82738087.
127, 651481
What are the prime factors of 5835159143?
11, 530469013
List the prime factors of 30742163.
131, 234673
List the prime factors of 310048694.
2, 23, 6740189
What are the prime factors of 19842981?
3, 6614327
What are the prime factors of 103512270?
2, 3, 5, 131, 26339
What are the prime factors of 820848455?
5, 7, 2389, 9817
List the prime factors of 5825876797.
13, 61, 877, 8377
What are the prime factors of 40879549?
40879549
List the prime factors of 155890258.
2, 